{"id":3749,"date":"2020-01-07T19:23:58","date_gmt":"2020-01-07T18:23:58","guid":{"rendered":"https:\/\/kodstylu.pl\/sklep\/?post_type=product&#038;p=3749"},"modified":"2025-10-30T06:09:12","modified_gmt":"2025-10-30T05:09:12","slug":"szkolenie-z-analizy-kolorystycznej","status":"publish","type":"product","link":"https:\/\/kodstylu.pl\/sklep\/product\/szkolenie-z-analizy-kolorystycznej\/","title":{"rendered":"Indywidualne warsztaty z analizy kolorystycznej"},"content":{"rendered":"<h1><strong>Dla kogo jest szkolenie z analizy kolorystycznej<\/strong>?<\/h1>\n<p>Je\u015bli nie jeste\u015b pewna, w czym wygl\u0105dasz dobrze i jakie kolory Ci pasuj\u0105 odpowiedzi, znajdziesz w\u0142a\u015bnie w tym miejscu. Je\u015bli na co dzie\u0144 pracujesz z kolorami (jeste\u015b fryzjerk\u0105 czy wiza\u017cystk\u0105) i czujesz si\u0119 zagubiona, nie potrafisz doradzi\u0107 swoim klientom, <strong>po szkoleniu z analizy kolorystycznej b\u0119dziesz mia\u0142a wiedz\u0119 oraz praktyczne umiej\u0119tno\u015bci w pracy ze swoimi klientami.<\/strong><\/p>\n<h1><strong>Szkolenie z analizy kolorystycznej<\/strong>. Dlaczego warto wzi\u0105\u0107 udzia\u0142?<\/h1>\n<ul>\n<li>przygotowujesz si\u0119 do zawodu kolorysty pod wzgl\u0119dem teoretycznym i PRAKTYCZNYM, dzi\u0119ki czemu od pocz\u0105tku czujesz si\u0119 profesjonalnie przygotowana do pracy,<\/li>\n<li>nie musisz NIGDY zgadywa\u0107, jakie kolory powinna\u015b poleca\u0107 innym, wiedza teoretyczna da Ci pewno\u015b\u0107 w pocz\u0105tkowych testach kolorystycznych,<\/li>\n<li>wiedza kolorystyczna daje Ci przewag\u0119 w bran\u017cy, dzi\u0119ki czemu zyskujesz mo\u017cliwo\u015b\u0107 powi\u0119kszania swoich obecnych dochod\u00f3w,<\/li>\n<li>poznajesz system analizy kolorystycznej wed\u0142ug 12 typ\u00f3w, co daje Ci prac\u0119 na nowoczesnych zasadach,\n<ul>\n<li>uczysz si\u0119 od jednej z najd\u0142u\u017cej dzia\u0142aj\u01052122222cych kolorystek na rynku (z do\u015bwiadczeniem od 2011 roku i ponad 1000 przeprowadzonych analiz). Uczysz si\u0119 od najlepszych!<\/li>\n<\/ul>\n<\/li>\n<\/ul>\n<p>Szkolenie jest ca\u0142odniowe (8h szkoleniowych) i odbywa si\u0119 w Gliwicach. Je\u017celi jest potrzeba dojazdu do innego miasta, jest taka mo\u017cliwo\u015b\u0107. Doliczane s\u0105 koszty dojazdu i wynajmu sali na ca\u0142y dzie\u0144. Napisz do nas biuro@kodstylu.pl.<\/p>\n<p>Szkolenie jest bardzo praktyczne. Wykonasz analizy kolorystyczne na zaproszonych modelkach. Przed spotkaniem dostaniesz ode mnie materia\u0142y teoretyczne do zapoznania si\u0119, aby szkolenie by\u0142o bardziej efektywne. Po szkoleniu otrzymasz ode mnie kilkumiesi\u0119czne wsparcie (telefoniczne, mailowe) w pocz\u0105tkowej fazie pracy jako kolorysta\/ stylista.<\/p>\n<h4>Ramowy plan szkolenia:<\/h4>\n<ul>\n<li>teoria koloru oraz 4 p\u00f3r roku<\/li>\n<li>teoria analizy kolorystycznej wed\u0142ug 12 typ\u00f3w urody<\/li>\n<li>om\u00f3wienie przyk\u0142adowych reprezentantek ka\u017cdego z typ\u00f3w kolorystycznych<\/li>\n<li>warsztat kolorysty \u2013 potrzebne narz\u0119dzia<\/li>\n<li>praktyczna analiza kolorystyczna na zaproszonych modelkach<\/li>\n<\/ul>\n<p>W cenie s\u0105 materia\u0142y szkoleniowe, certyfikat oraz przerwa na lunch.<\/p>\n<p>Po wykupieniu us\u0142ugi, masz rok na jej realizacj\u0119.<\/p>\n<p data-pm-slice=\"1 1 []\">Z uwagi na du\u017ce zainteresowanie us\u0142ugami czas oczekiwania na spotkanie mo\u017ce si\u0119 wyd\u0142u\u017cy\u0107 do miesi\u0105ca. We\u017a to pod uwag\u0119 przy sk\u0142adaniu zam\u00f3wienia. Je\u015bli chcesz dowiedzie\u0107 si\u0119, jakie mamy najbli\u017csze wolne terminy, napisz na <a class=\"ProsemirrorEditor-link\" href=\"mailto:biuro@kodstylu.pl\">biuro@kodstylu.pl<\/a>.<\/p>\n<p>Jest mo\u017cliwo\u015b\u0107 zorganizowania spotkania dla wi\u0119kszej grupy, zar\u00f3wno w Gliwicach jak i w innych regionach Polski.<\/p>\n<p>Je\u015bli pragniesz czego\u015b, wi\u0119cej zapraszamy na p\u00f3\u0142roczny kurs <a href=\"https:\/\/kodstylu.pl\/sklep\/product\/zostan-osobista-stylistka\/\">Zosta\u0144 osobist\u0105 stylistk\u0105<\/a>.<\/p>\n<p>Pot\u0119\u017cnej dawki inspiracji mo\u017cesz szuka\u0107 <a href=\"https:\/\/www.facebook.com\/kodstylu\" target=\"_blank\" rel=\"noopener\">na naszym facebooku <\/a>oraz\u00a0<a href=\"https:\/\/www.instagram.com\/kodstylu\/\" target=\"_blank\" rel=\"noopener\">instagramie.<\/a><\/p>\n","protected":false},"excerpt":{"rendered":"<p><span style=\"font-size: 75%;\">To jest najlepsza cena z ostatnich 30 dni<\/span><\/p>\n<p>Interesujesz si\u0119 mod\u0105? Chcesz zosta\u0107 osobist\u0105 stylistk\u0105? Mo\u017ce jeste\u015b makija\u017cystk\u0105 lub stylistk\u0105 fryzur? Chcesz nauczy\u0107 si\u0119 analizy kolorystycznej i lepiej dobiera\u0107 barwy dla swoich klient\u00f3w?<\/p>\n<h4>Jeste\u015b w \u015bwietnym miejscu. <strong>Zainwestuj w indywidualne szkolenie z analizy kolorystycznej i zacznij zarabia\u0107 na tym co kochasz.<\/strong><\/h4>\n","protected":false},"featured_media":25878,"comment_status":"open","ping_status":"closed","template":"","meta":[],"product_brand":[],"product_cat":[50],"product_tag":[],"class_list":{"0":"post-3749","1":"product","2":"type-product","3":"status-publish","4":"has-post-thumbnail","6":"product_cat-szkolenie-ze-stylizacji","8":"first","9":"instock","10":"virtual","11":"taxable","12":"purchasable","13":"product-type-simple"},"yoast_head":"<!-- This site is optimized with the Yoast SEO plugin v27.4 - https:\/\/yoast.com\/product\/yoast-seo-wordpress\/ -->\n<title>Szkolenie z analizy kolorystycznej - Kod Stylu. Aleksandra Fr\u0105tczak-Bi\u015b<\/title>\n<meta name=\"description\" content=\"Szkolenie z analizy kolorystycznej dla przysz\u0142ych stylistek i os\u00f3b, kt\u00f3re pracuj\u0105 z kolorami. Zosta\u0144 koloryst\u0105 ju\u017c dzi\u015b!\" \/>\n<meta name=\"robots\" content=\"index, follow, max-snippet:-1, max-image-preview:large, max-video-preview:-1\" \/>\n<link rel=\"canonical\" href=\"https:\/\/kodstylu.pl\/sklep\/product\/szkolenie-z-analizy-kolorystycznej\/\" \/>\n<meta property=\"og:locale\" content=\"pl_PL\" \/>\n<meta property=\"og:type\" content=\"article\" \/>\n<meta property=\"og:title\" content=\"Szkolenie z analizy kolorystycznej - Kod Stylu. Aleksandra Fr\u0105tczak-Bi\u015b\" \/>\n<meta property=\"og:description\" content=\"Szkolenie z analizy kolorystycznej dla przysz\u0142ych stylistek i os\u00f3b, kt\u00f3re pracuj\u0105 z kolorami. Zosta\u0144 koloryst\u0105 ju\u017c dzi\u015b!\" \/>\n<meta property=\"og:url\" content=\"https:\/\/kodstylu.pl\/sklep\/product\/szkolenie-z-analizy-kolorystycznej\/\" \/>\n<meta property=\"og:site_name\" content=\"Kod Stylu\" \/>\n<meta property=\"article:modified_time\" content=\"2025-10-30T05:09:12+00:00\" \/>\n<meta property=\"og:image\" content=\"https:\/\/kodstylu.pl\/sklep\/wp-content\/uploads\/2020\/01\/szkolenie-z-analizy-kolorystycznej-scaled.jpg\" \/>\n\t<meta property=\"og:image:width\" content=\"2560\" \/>\n\t<meta property=\"og:image:height\" content=\"2560\" \/>\n\t<meta property=\"og:image:type\" content=\"image\/jpeg\" \/>\n<meta name=\"twitter:card\" content=\"summary_large_image\" \/>\n<meta name=\"twitter:label1\" content=\"Szacowany czas czytania\" \/>\n\t<meta name=\"twitter:data1\" content=\"3 minuty\" \/>\n<script type=\"application\/ld+json\" class=\"yoast-schema-graph\">{\"@context\":\"https:\\\/\\\/schema.org\",\"@graph\":[{\"@type\":\"WebPage\",\"@id\":\"https:\\\/\\\/kodstylu.pl\\\/sklep\\\/product\\\/szkolenie-z-analizy-kolorystycznej\\\/\",\"url\":\"https:\\\/\\\/kodstylu.pl\\\/sklep\\\/product\\\/szkolenie-z-analizy-kolorystycznej\\\/\",\"name\":\"Szkolenie z analizy kolorystycznej - Kod Stylu. Aleksandra Fr\u0105tczak-Bi\u015b\",\"isPartOf\":{\"@id\":\"https:\\\/\\\/kodstylu.pl\\\/sklep\\\/#website\"},\"primaryImageOfPage\":{\"@id\":\"https:\\\/\\\/kodstylu.pl\\\/sklep\\\/product\\\/szkolenie-z-analizy-kolorystycznej\\\/#primaryimage\"},\"image\":{\"@id\":\"https:\\\/\\\/kodstylu.pl\\\/sklep\\\/product\\\/szkolenie-z-analizy-kolorystycznej\\\/#primaryimage\"},\"thumbnailUrl\":\"https:\\\/\\\/kodstylu.pl\\\/sklep\\\/wp-content\\\/uploads\\\/2020\\\/01\\\/szkolenie-z-analizy-kolorystycznej-scaled.jpg\",\"datePublished\":\"2020-01-07T18:23:58+00:00\",\"dateModified\":\"2025-10-30T05:09:12+00:00\",\"description\":\"Szkolenie z analizy kolorystycznej dla przysz\u0142ych stylistek i os\u00f3b, kt\u00f3re pracuj\u0105 z kolorami. Zosta\u0144 koloryst\u0105 ju\u017c dzi\u015b!\",\"breadcrumb\":{\"@id\":\"https:\\\/\\\/kodstylu.pl\\\/sklep\\\/product\\\/szkolenie-z-analizy-kolorystycznej\\\/#breadcrumb\"},\"inLanguage\":\"pl-PL\",\"potentialAction\":[{\"@type\":\"ReadAction\",\"target\":[\"https:\\\/\\\/kodstylu.pl\\\/sklep\\\/product\\\/szkolenie-z-analizy-kolorystycznej\\\/\"]}]},{\"@type\":\"ImageObject\",\"inLanguage\":\"pl-PL\",\"@id\":\"https:\\\/\\\/kodstylu.pl\\\/sklep\\\/product\\\/szkolenie-z-analizy-kolorystycznej\\\/#primaryimage\",\"url\":\"https:\\\/\\\/kodstylu.pl\\\/sklep\\\/wp-content\\\/uploads\\\/2020\\\/01\\\/szkolenie-z-analizy-kolorystycznej-scaled.jpg\",\"contentUrl\":\"https:\\\/\\\/kodstylu.pl\\\/sklep\\\/wp-content\\\/uploads\\\/2020\\\/01\\\/szkolenie-z-analizy-kolorystycznej-scaled.jpg\",\"width\":2560,\"height\":2560,\"caption\":\"szkolenie z analizy kolorystycznej\"},{\"@type\":\"BreadcrumbList\",\"@id\":\"https:\\\/\\\/kodstylu.pl\\\/sklep\\\/product\\\/szkolenie-z-analizy-kolorystycznej\\\/#breadcrumb\",\"itemListElement\":[{\"@type\":\"ListItem\",\"position\":1,\"name\":\"Strona g\u0142\u00f3wna\",\"item\":\"https:\\\/\\\/kodstylu.pl\\\/sklep\\\/\"},{\"@type\":\"ListItem\",\"position\":2,\"name\":\"Sklep\",\"item\":\"https:\\\/\\\/kodstylu.pl\\\/sklep\\\/sklep\\\/\"},{\"@type\":\"ListItem\",\"position\":3,\"name\":\"Indywidualne warsztaty z analizy kolorystycznej\"}]},{\"@type\":\"WebSite\",\"@id\":\"https:\\\/\\\/kodstylu.pl\\\/sklep\\\/#website\",\"url\":\"https:\\\/\\\/kodstylu.pl\\\/sklep\\\/\",\"name\":\"Kod Stylu\",\"description\":\"Osobista Stylistka, Szkolenia dla stylistek\",\"potentialAction\":[{\"@type\":\"SearchAction\",\"target\":{\"@type\":\"EntryPoint\",\"urlTemplate\":\"https:\\\/\\\/kodstylu.pl\\\/sklep\\\/?s={search_term_string}\"},\"query-input\":{\"@type\":\"PropertyValueSpecification\",\"valueRequired\":true,\"valueName\":\"search_term_string\"}}],\"inLanguage\":\"pl-PL\"}]}<\/script>\n<!-- \/ Yoast SEO plugin. -->","yoast_head_json":{"title":"Szkolenie z analizy kolorystycznej - Kod Stylu. Aleksandra Fr\u0105tczak-Bi\u015b","description":"Szkolenie z analizy kolorystycznej dla przysz\u0142ych stylistek i os\u00f3b, kt\u00f3re pracuj\u0105 z kolorami. Zosta\u0144 koloryst\u0105 ju\u017c dzi\u015b!","robots":{"index":"index","follow":"follow","max-snippet":"max-snippet:-1","max-image-preview":"max-image-preview:large","max-video-preview":"max-video-preview:-1"},"canonical":"https:\/\/kodstylu.pl\/sklep\/product\/szkolenie-z-analizy-kolorystycznej\/","og_locale":"pl_PL","og_type":"article","og_title":"Szkolenie z analizy kolorystycznej - Kod Stylu. Aleksandra Fr\u0105tczak-Bi\u015b","og_description":"Szkolenie z analizy kolorystycznej dla przysz\u0142ych stylistek i os\u00f3b, kt\u00f3re pracuj\u0105 z kolorami. Zosta\u0144 koloryst\u0105 ju\u017c dzi\u015b!","og_url":"https:\/\/kodstylu.pl\/sklep\/product\/szkolenie-z-analizy-kolorystycznej\/","og_site_name":"Kod Stylu","article_modified_time":"2025-10-30T05:09:12+00:00","og_image":[{"width":2560,"height":2560,"url":"https:\/\/kodstylu.pl\/sklep\/wp-content\/uploads\/2020\/01\/szkolenie-z-analizy-kolorystycznej-scaled.jpg","type":"image\/jpeg"}],"twitter_card":"summary_large_image","twitter_misc":{"Szacowany czas czytania":"3 minuty"},"schema":{"@context":"https:\/\/schema.org","@graph":[{"@type":"WebPage","@id":"https:\/\/kodstylu.pl\/sklep\/product\/szkolenie-z-analizy-kolorystycznej\/","url":"https:\/\/kodstylu.pl\/sklep\/product\/szkolenie-z-analizy-kolorystycznej\/","name":"Szkolenie z analizy kolorystycznej - Kod Stylu. Aleksandra Fr\u0105tczak-Bi\u015b","isPartOf":{"@id":"https:\/\/kodstylu.pl\/sklep\/#website"},"primaryImageOfPage":{"@id":"https:\/\/kodstylu.pl\/sklep\/product\/szkolenie-z-analizy-kolorystycznej\/#primaryimage"},"image":{"@id":"https:\/\/kodstylu.pl\/sklep\/product\/szkolenie-z-analizy-kolorystycznej\/#primaryimage"},"thumbnailUrl":"https:\/\/kodstylu.pl\/sklep\/wp-content\/uploads\/2020\/01\/szkolenie-z-analizy-kolorystycznej-scaled.jpg","datePublished":"2020-01-07T18:23:58+00:00","dateModified":"2025-10-30T05:09:12+00:00","description":"Szkolenie z analizy kolorystycznej dla przysz\u0142ych stylistek i os\u00f3b, kt\u00f3re pracuj\u0105 z kolorami. Zosta\u0144 koloryst\u0105 ju\u017c dzi\u015b!","breadcrumb":{"@id":"https:\/\/kodstylu.pl\/sklep\/product\/szkolenie-z-analizy-kolorystycznej\/#breadcrumb"},"inLanguage":"pl-PL","potentialAction":[{"@type":"ReadAction","target":["https:\/\/kodstylu.pl\/sklep\/product\/szkolenie-z-analizy-kolorystycznej\/"]}]},{"@type":"ImageObject","inLanguage":"pl-PL","@id":"https:\/\/kodstylu.pl\/sklep\/product\/szkolenie-z-analizy-kolorystycznej\/#primaryimage","url":"https:\/\/kodstylu.pl\/sklep\/wp-content\/uploads\/2020\/01\/szkolenie-z-analizy-kolorystycznej-scaled.jpg","contentUrl":"https:\/\/kodstylu.pl\/sklep\/wp-content\/uploads\/2020\/01\/szkolenie-z-analizy-kolorystycznej-scaled.jpg","width":2560,"height":2560,"caption":"szkolenie z analizy kolorystycznej"},{"@type":"BreadcrumbList","@id":"https:\/\/kodstylu.pl\/sklep\/product\/szkolenie-z-analizy-kolorystycznej\/#breadcrumb","itemListElement":[{"@type":"ListItem","position":1,"name":"Strona g\u0142\u00f3wna","item":"https:\/\/kodstylu.pl\/sklep\/"},{"@type":"ListItem","position":2,"name":"Sklep","item":"https:\/\/kodstylu.pl\/sklep\/sklep\/"},{"@type":"ListItem","position":3,"name":"Indywidualne warsztaty z analizy kolorystycznej"}]},{"@type":"WebSite","@id":"https:\/\/kodstylu.pl\/sklep\/#website","url":"https:\/\/kodstylu.pl\/sklep\/","name":"Kod Stylu","description":"Osobista Stylistka, Szkolenia dla stylistek","potentialAction":[{"@type":"SearchAction","target":{"@type":"EntryPoint","urlTemplate":"https:\/\/kodstylu.pl\/sklep\/?s={search_term_string}"},"query-input":{"@type":"PropertyValueSpecification","valueRequired":true,"valueName":"search_term_string"}}],"inLanguage":"pl-PL"}]}},"_links":{"self":[{"href":"https:\/\/kodstylu.pl\/sklep\/wp-json\/wp\/v2\/product\/3749","targetHints":{"allow":["GET"]}}],"collection":[{"href":"https:\/\/kodstylu.pl\/sklep\/wp-json\/wp\/v2\/product"}],"about":[{"href":"https:\/\/kodstylu.pl\/sklep\/wp-json\/wp\/v2\/types\/product"}],"replies":[{"embeddable":true,"href":"https:\/\/kodstylu.pl\/sklep\/wp-json\/wp\/v2\/comments?post=3749"}],"wp:featuredmedia":[{"embeddable":true,"href":"https:\/\/kodstylu.pl\/sklep\/wp-json\/wp\/v2\/media\/25878"}],"wp:attachment":[{"href":"https:\/\/kodstylu.pl\/sklep\/wp-json\/wp\/v2\/media?parent=3749"}],"wp:term":[{"taxonomy":"product_brand","embeddable":true,"href":"https:\/\/kodstylu.pl\/sklep\/wp-json\/wp\/v2\/product_brand?post=3749"},{"taxonomy":"product_cat","embeddable":true,"href":"https:\/\/kodstylu.pl\/sklep\/wp-json\/wp\/v2\/product_cat?post=3749"},{"taxonomy":"product_tag","embeddable":true,"href":"https:\/\/kodstylu.pl\/sklep\/wp-json\/wp\/v2\/product_tag?post=3749"}],"curies":[{"name":"wp","href":"https:\/\/api.w.org\/{rel}","templated":true}]}}