{"id":29411,"date":"2024-01-02T14:56:50","date_gmt":"2024-01-02T13:56:50","guid":{"rendered":"https:\/\/kodstylu.pl\/sklep\/?post_type=product&#038;p=29411"},"modified":"2026-02-25T16:07:27","modified_gmt":"2026-02-25T15:07:27","slug":"grupowe-warsztaty-z-analizy-kolorystycznej","status":"publish","type":"product","link":"https:\/\/kodstylu.pl\/sklep\/product\/grupowe-warsztaty-z-analizy-kolorystycznej\/","title":{"rendered":"Grupowe warsztaty z analizy kolorystycznej"},"content":{"rendered":"<h1><strong>Odkryj tajemnice kolor\u00f3w na praktycznych warsztatach analizy kolorystycznej<br \/>\n<\/strong><\/h1>\n<p>Je\u015bli znasz ju\u017c teori\u0119 analizy kolorystycznej, na co dzie\u0144 pracujesz z kolorami, jeste\u015b stylistk\u0105 (lub chcesz ni\u0105 zosta\u0107) fryzjerk\u0105 czy wiza\u017cystk\u0105, to praktyczne szkolenie jest dla Ciebie! Doda Ci pewno\u015bci w wykonywaniu swojej pracy! <strong>Po szkoleniu z analizy kolorystycznej b\u0119dziesz mia\u0142a wiedz\u0119 oraz praktyczne umiej\u0119tno\u015bci w dzia\u0142aniach ze swoimi klientami.<\/strong><\/p>\n<p>Polecamy to szkolenie dla os\u00f3b, kt\u00f3re ju\u017c pozna\u0142y teori\u0119 analizy kolorystycznej i potrzebuj\u0105 dzia\u0142a\u0144 praktycznych! Je\u017celi jeste\u015b osob\u0105 pocz\u0105tkuj\u0105c\u0105, napisz na biuro@kodstylu.pl, um\u00f3wimy Ci\u0119 na rozmow\u0119 z prowadz\u0105c\u0105, aby doradzi\u0107 najlepsz\u0105 form\u0119 szkolenia.<\/p>\n<h2>Co zyskasz, uczestnicz\u0105c w moim szkoleniu?<\/h2>\n<ul>\n<li aria-level=\"1\">Praktyczn\u0105 wiedz\u0119 o przeprowadzaniu analizy kolorystycznej, kt\u00f3r\u0105 mo\u017cesz od razu zastosowa\u0107.<\/li>\n<li aria-level=\"1\">Umiej\u0119tno\u015b\u0107 doradzania klientkom, jakie kolory najlepiej podkre\u015blaj\u0105 ich urod\u0119.<\/li>\n<li aria-level=\"1\">Inn\u0105 perspektyw\u0119 i mo\u017cliwo\u015bci zawodowe, kt\u00f3re otworz\u0105 przed Tob\u0105 nowe drzwi.<\/li>\n<li aria-level=\"1\">Dost\u0119p do e-booka &#8222;Ubierz si\u0119 w kolor&#8221; i certyfikat uko\u0144czenia szkolenia.<\/li>\n<\/ul>\n<h2>Czego dowiesz si\u0119 na szkoleniu?<\/h2>\n<ul>\n<li aria-level=\"1\">Jak wykonywa\u0107 krok po kroku analiz\u0119 kolorystyczn\u0105,<\/li>\n<li aria-level=\"1\">Czym r\u00f3\u017cni si\u0119 okre\u015blenie typu urody od analizy kolorystycznej.<\/li>\n<li aria-level=\"1\">Jak rozpocz\u0105\u0107 spotkanie, jakie zada\u0107 pytania.<\/li>\n<li aria-level=\"1\">Jak wykorzystywa\u0107 narz\u0119dzia do analizy: ramy, chusty, flagi, kartoniki.<\/li>\n<li aria-level=\"1\">Jak radzi\u0107 sobie z trudnymi klientkami.<\/li>\n<li aria-level=\"1\">Jak t\u0142umaczy\u0107 zale\u017cno\u015bci mi\u0119dzy urod\u0105, a kolorami.<\/li>\n<li aria-level=\"1\">Jak podsumowa\u0107 spotkanie.<\/li>\n<li aria-level=\"1\">Co zrobi\u0107, gdy nie jeste\u015b pewna wyniku analizy.<\/li>\n<\/ul>\n<p><strong>Czego nie b\u0119dzie? Zb\u0119dnej teorii! <\/strong><\/p>\n<p><strong>Czego mo\u017cesz si\u0119 spodziewa\u0107? 100% praktyki i dzielenia si\u0119 moimi do\u015bwiadczeniami.\u00a0<\/strong><\/p>\n<p>&nbsp;<\/p>\n<h2>Moim celem podczas szkolenia b\u0119dzie, aby\u015b:<\/h2>\n<ul>\n<li aria-level=\"1\">nauczy\u0142a si\u0119 (na zaproszonych modelkach) przeprowadza\u0107 profesjonaln\u0105 analiz\u0119 kolorystyczn\u0105, co sprawi, \u017ce b\u0119dziesz czu\u0142a si\u0119 pewniej z klientkami,<\/li>\n<li aria-level=\"1\">zdoby\u0142a umiej\u0119tno\u015b\u0107, kt\u00f3ra pozwoli Ci wyr\u00f3\u017cni\u0107 si\u0119 na tle konkurencji jako ekspertka w dziedzinie kolor\u00f3w i stylizacji, co zwi\u0119kszy Twoj\u0105 renom\u0119 i zaufanie w\u015br\u00f3d klientek,<\/li>\n<li aria-level=\"1\">zyska\u0142a narz\u0119dzia, kt\u00f3re pozwol\u0105 Ci przyci\u0105gn\u0105\u0107 wi\u0119cej klientek szukaj\u0105cych specjalistycznych porad w zakresie doboru kolor\u00f3w, co prze\u0142o\u017cy si\u0119 na zwi\u0119kszenie Twoich dochod\u00f3w,<\/li>\n<li aria-level=\"1\">od razu mog\u0142a wykorzysta\u0107 now\u0105 wiedz\u0119 w pracy z klientkami,<\/li>\n<li aria-level=\"1\">nauczy\u0142a si\u0119, jak pewnie i skutecznie dobiera\u0107 kolory, co pozwoli Ci nie tylko pomaga\u0107 innym, ale i podkre\u015bla\u0107 w\u0142asne atuty (zrobimy analiz\u0119 ka\u017cdej Uczestniczki).<\/li>\n<\/ul>\n<p><strong>Szkolenie koncentruje si\u0119 na praktycznych \u0107wiczeniach.<\/strong> Przygotuj si\u0119 na intensywn\u0105, ale niesamowicie satysfakcjonuj\u0105c\u0105 nauk\u0119. Obiecuj\u0119, \u017ce wyjdziesz z pozytywnie \u201cparuj\u0105c\u0105 g\u0142ow\u0105\u201d \ud83d\ude09<\/p>\n<p>Liczba dost\u0119pnych miejsc jest ograniczona. Jestem w stanie przyj\u0105\u0107 maksymalnie 8 os\u00f3b do grupy warsztatowej, co <strong>gwarantuje Ci indywidualne podej\u015bcie i maksymaln\u0105 korzy\u015b\u0107 z uczestnictwa<\/strong>. Minimalna ilo\u015b\u0107 os\u00f3b to 3. Zapisy ko\u0144czymy 3 tygodnie przed planowanym terminem warsztat\u00f3w.<\/p>\n<p>Je\u015bli jeste\u015b gotowa na t\u0119 kolorow\u0105 przygod\u0119, nie czekaj! Wybierz dost\u0119pne terminy i<b> do\u0142\u0105cz do \u015bwiata, w kt\u00f3rym kolory odgrywaj\u0105 kluczow\u0105 rol\u0119<\/b>. Widzimy si\u0119 w moim biurze w Gliwicach! Do zobaczenia :).<\/p>\n<p>Pot\u0119\u017cnej dawki inspiracji mo\u017cesz szuka\u0107 <a href=\"https:\/\/www.facebook.com\/kodstylu\" target=\"_blank\" rel=\"noopener\">na naszym facebooku <\/a>oraz\u00a0<a href=\"https:\/\/www.instagram.com\/kodstylu\/\" target=\"_blank\" rel=\"noopener\">instagramie.<\/a><\/p>\n","protected":false},"excerpt":{"rendered":"<p><span style=\"font-size: 75%;\">To jest najlepsza cena z ostatnich 30 dni<\/span><\/p>\n<p>Interesujesz si\u0119 mod\u0105 i kolorami? Znasz ju\u017c zasady analizy kolorystycznej? Mo\u017ce jeste\u015b makija\u017cystk\u0105, stylistk\u0105 fryzur lub pocz\u0105tkuj\u0105c\u0105 kolorystk\u0105? Chcesz nauczy\u0107 si\u0119 wykonywania stacjonarnej analizy kolorystycznej i lepiej dobiera\u0107 barwy dla swoich klient\u00f3w?<\/p>\n<h4><strong>Jeste\u015b w \u015bwietnym miejscu! Zainwestuj w grupowe warsztaty z analizy kolorystycznej.<\/strong><\/h4>\n","protected":false},"featured_media":29415,"comment_status":"open","ping_status":"closed","template":"","meta":[],"product_brand":[],"product_cat":[50],"product_tag":[],"class_list":{"0":"post-29411","1":"product","2":"type-product","3":"status-publish","4":"has-post-thumbnail","6":"product_cat-szkolenie-ze-stylizacji","8":"first","9":"instock","10":"taxable","11":"shipping-taxable","12":"purchasable","13":"product-type-variable"},"yoast_head":"<!-- This site is optimized with the Yoast SEO plugin v27.4 - https:\/\/yoast.com\/product\/yoast-seo-wordpress\/ -->\n<title>Szkolenie z analizy kolorystycznej - Aleksandra Fr\u0105tczak-Bi\u015b<\/title>\n<meta name=\"description\" content=\"Szkolenie stacjonarne z analizy kolorystycznej dla przysz\u0142ych stylistek i os\u00f3b, kt\u00f3re pracuj\u0105 z kolorami. Warsztaty z analizy kolorystycznej\" \/>\n<meta name=\"robots\" content=\"index, follow, max-snippet:-1, max-image-preview:large, max-video-preview:-1\" \/>\n<link rel=\"canonical\" href=\"https:\/\/kodstylu.pl\/sklep\/product\/grupowe-warsztaty-z-analizy-kolorystycznej\/\" \/>\n<meta property=\"og:locale\" content=\"pl_PL\" \/>\n<meta property=\"og:type\" content=\"article\" \/>\n<meta property=\"og:title\" content=\"Szkolenie z analizy kolorystycznej - Aleksandra Fr\u0105tczak-Bi\u015b\" \/>\n<meta property=\"og:description\" content=\"Szkolenie stacjonarne z analizy kolorystycznej dla przysz\u0142ych stylistek i os\u00f3b, kt\u00f3re pracuj\u0105 z kolorami. Warsztaty z analizy kolorystycznej\" \/>\n<meta property=\"og:url\" content=\"https:\/\/kodstylu.pl\/sklep\/product\/grupowe-warsztaty-z-analizy-kolorystycznej\/\" \/>\n<meta property=\"og:site_name\" content=\"Kod Stylu\" \/>\n<meta property=\"article:modified_time\" content=\"2026-02-25T15:07:27+00:00\" \/>\n<meta property=\"og:image\" content=\"https:\/\/kodstylu.pl\/sklep\/wp-content\/uploads\/2024\/01\/szkolenie-grupowe.jpg\" \/>\n\t<meta property=\"og:image:width\" content=\"2560\" \/>\n\t<meta property=\"og:image:height\" content=\"2560\" \/>\n\t<meta property=\"og:image:type\" content=\"image\/jpeg\" \/>\n<meta name=\"twitter:card\" content=\"summary_large_image\" \/>\n<meta name=\"twitter:label1\" content=\"Szacowany czas czytania\" \/>\n\t<meta name=\"twitter:data1\" content=\"3 minuty\" \/>\n<script type=\"application\/ld+json\" class=\"yoast-schema-graph\">{\"@context\":\"https:\\\/\\\/schema.org\",\"@graph\":[{\"@type\":\"WebPage\",\"@id\":\"https:\\\/\\\/kodstylu.pl\\\/sklep\\\/product\\\/grupowe-warsztaty-z-analizy-kolorystycznej\\\/\",\"url\":\"https:\\\/\\\/kodstylu.pl\\\/sklep\\\/product\\\/grupowe-warsztaty-z-analizy-kolorystycznej\\\/\",\"name\":\"Szkolenie z analizy kolorystycznej - Aleksandra Fr\u0105tczak-Bi\u015b\",\"isPartOf\":{\"@id\":\"https:\\\/\\\/kodstylu.pl\\\/sklep\\\/#website\"},\"primaryImageOfPage\":{\"@id\":\"https:\\\/\\\/kodstylu.pl\\\/sklep\\\/product\\\/grupowe-warsztaty-z-analizy-kolorystycznej\\\/#primaryimage\"},\"image\":{\"@id\":\"https:\\\/\\\/kodstylu.pl\\\/sklep\\\/product\\\/grupowe-warsztaty-z-analizy-kolorystycznej\\\/#primaryimage\"},\"thumbnailUrl\":\"https:\\\/\\\/kodstylu.pl\\\/sklep\\\/wp-content\\\/uploads\\\/2024\\\/01\\\/szkolenie-grupowe.jpg\",\"datePublished\":\"2024-01-02T13:56:50+00:00\",\"dateModified\":\"2026-02-25T15:07:27+00:00\",\"description\":\"Szkolenie stacjonarne z analizy kolorystycznej dla przysz\u0142ych stylistek i os\u00f3b, kt\u00f3re pracuj\u0105 z kolorami. Warsztaty z analizy kolorystycznej\",\"breadcrumb\":{\"@id\":\"https:\\\/\\\/kodstylu.pl\\\/sklep\\\/product\\\/grupowe-warsztaty-z-analizy-kolorystycznej\\\/#breadcrumb\"},\"inLanguage\":\"pl-PL\",\"potentialAction\":[{\"@type\":\"ReadAction\",\"target\":[\"https:\\\/\\\/kodstylu.pl\\\/sklep\\\/product\\\/grupowe-warsztaty-z-analizy-kolorystycznej\\\/\"]}]},{\"@type\":\"ImageObject\",\"inLanguage\":\"pl-PL\",\"@id\":\"https:\\\/\\\/kodstylu.pl\\\/sklep\\\/product\\\/grupowe-warsztaty-z-analizy-kolorystycznej\\\/#primaryimage\",\"url\":\"https:\\\/\\\/kodstylu.pl\\\/sklep\\\/wp-content\\\/uploads\\\/2024\\\/01\\\/szkolenie-grupowe.jpg\",\"contentUrl\":\"https:\\\/\\\/kodstylu.pl\\\/sklep\\\/wp-content\\\/uploads\\\/2024\\\/01\\\/szkolenie-grupowe.jpg\",\"width\":2560,\"height\":2560},{\"@type\":\"BreadcrumbList\",\"@id\":\"https:\\\/\\\/kodstylu.pl\\\/sklep\\\/product\\\/grupowe-warsztaty-z-analizy-kolorystycznej\\\/#breadcrumb\",\"itemListElement\":[{\"@type\":\"ListItem\",\"position\":1,\"name\":\"Strona g\u0142\u00f3wna\",\"item\":\"https:\\\/\\\/kodstylu.pl\\\/sklep\\\/\"},{\"@type\":\"ListItem\",\"position\":2,\"name\":\"Sklep\",\"item\":\"https:\\\/\\\/kodstylu.pl\\\/sklep\\\/sklep\\\/\"},{\"@type\":\"ListItem\",\"position\":3,\"name\":\"Grupowe warsztaty z analizy kolorystycznej\"}]},{\"@type\":\"WebSite\",\"@id\":\"https:\\\/\\\/kodstylu.pl\\\/sklep\\\/#website\",\"url\":\"https:\\\/\\\/kodstylu.pl\\\/sklep\\\/\",\"name\":\"Kod Stylu\",\"description\":\"Osobista Stylistka, Szkolenia dla stylistek\",\"potentialAction\":[{\"@type\":\"SearchAction\",\"target\":{\"@type\":\"EntryPoint\",\"urlTemplate\":\"https:\\\/\\\/kodstylu.pl\\\/sklep\\\/?s={search_term_string}\"},\"query-input\":{\"@type\":\"PropertyValueSpecification\",\"valueRequired\":true,\"valueName\":\"search_term_string\"}}],\"inLanguage\":\"pl-PL\"}]}<\/script>\n<!-- \/ Yoast SEO plugin. -->","yoast_head_json":{"title":"Szkolenie z analizy kolorystycznej - Aleksandra Fr\u0105tczak-Bi\u015b","description":"Szkolenie stacjonarne z analizy kolorystycznej dla przysz\u0142ych stylistek i os\u00f3b, kt\u00f3re pracuj\u0105 z kolorami. Warsztaty z analizy kolorystycznej","robots":{"index":"index","follow":"follow","max-snippet":"max-snippet:-1","max-image-preview":"max-image-preview:large","max-video-preview":"max-video-preview:-1"},"canonical":"https:\/\/kodstylu.pl\/sklep\/product\/grupowe-warsztaty-z-analizy-kolorystycznej\/","og_locale":"pl_PL","og_type":"article","og_title":"Szkolenie z analizy kolorystycznej - Aleksandra Fr\u0105tczak-Bi\u015b","og_description":"Szkolenie stacjonarne z analizy kolorystycznej dla przysz\u0142ych stylistek i os\u00f3b, kt\u00f3re pracuj\u0105 z kolorami. Warsztaty z analizy kolorystycznej","og_url":"https:\/\/kodstylu.pl\/sklep\/product\/grupowe-warsztaty-z-analizy-kolorystycznej\/","og_site_name":"Kod Stylu","article_modified_time":"2026-02-25T15:07:27+00:00","og_image":[{"width":2560,"height":2560,"url":"https:\/\/kodstylu.pl\/sklep\/wp-content\/uploads\/2024\/01\/szkolenie-grupowe.jpg","type":"image\/jpeg"}],"twitter_card":"summary_large_image","twitter_misc":{"Szacowany czas czytania":"3 minuty"},"schema":{"@context":"https:\/\/schema.org","@graph":[{"@type":"WebPage","@id":"https:\/\/kodstylu.pl\/sklep\/product\/grupowe-warsztaty-z-analizy-kolorystycznej\/","url":"https:\/\/kodstylu.pl\/sklep\/product\/grupowe-warsztaty-z-analizy-kolorystycznej\/","name":"Szkolenie z analizy kolorystycznej - Aleksandra Fr\u0105tczak-Bi\u015b","isPartOf":{"@id":"https:\/\/kodstylu.pl\/sklep\/#website"},"primaryImageOfPage":{"@id":"https:\/\/kodstylu.pl\/sklep\/product\/grupowe-warsztaty-z-analizy-kolorystycznej\/#primaryimage"},"image":{"@id":"https:\/\/kodstylu.pl\/sklep\/product\/grupowe-warsztaty-z-analizy-kolorystycznej\/#primaryimage"},"thumbnailUrl":"https:\/\/kodstylu.pl\/sklep\/wp-content\/uploads\/2024\/01\/szkolenie-grupowe.jpg","datePublished":"2024-01-02T13:56:50+00:00","dateModified":"2026-02-25T15:07:27+00:00","description":"Szkolenie stacjonarne z analizy kolorystycznej dla przysz\u0142ych stylistek i os\u00f3b, kt\u00f3re pracuj\u0105 z kolorami. Warsztaty z analizy kolorystycznej","breadcrumb":{"@id":"https:\/\/kodstylu.pl\/sklep\/product\/grupowe-warsztaty-z-analizy-kolorystycznej\/#breadcrumb"},"inLanguage":"pl-PL","potentialAction":[{"@type":"ReadAction","target":["https:\/\/kodstylu.pl\/sklep\/product\/grupowe-warsztaty-z-analizy-kolorystycznej\/"]}]},{"@type":"ImageObject","inLanguage":"pl-PL","@id":"https:\/\/kodstylu.pl\/sklep\/product\/grupowe-warsztaty-z-analizy-kolorystycznej\/#primaryimage","url":"https:\/\/kodstylu.pl\/sklep\/wp-content\/uploads\/2024\/01\/szkolenie-grupowe.jpg","contentUrl":"https:\/\/kodstylu.pl\/sklep\/wp-content\/uploads\/2024\/01\/szkolenie-grupowe.jpg","width":2560,"height":2560},{"@type":"BreadcrumbList","@id":"https:\/\/kodstylu.pl\/sklep\/product\/grupowe-warsztaty-z-analizy-kolorystycznej\/#breadcrumb","itemListElement":[{"@type":"ListItem","position":1,"name":"Strona g\u0142\u00f3wna","item":"https:\/\/kodstylu.pl\/sklep\/"},{"@type":"ListItem","position":2,"name":"Sklep","item":"https:\/\/kodstylu.pl\/sklep\/sklep\/"},{"@type":"ListItem","position":3,"name":"Grupowe warsztaty z analizy kolorystycznej"}]},{"@type":"WebSite","@id":"https:\/\/kodstylu.pl\/sklep\/#website","url":"https:\/\/kodstylu.pl\/sklep\/","name":"Kod Stylu","description":"Osobista Stylistka, Szkolenia dla stylistek","potentialAction":[{"@type":"SearchAction","target":{"@type":"EntryPoint","urlTemplate":"https:\/\/kodstylu.pl\/sklep\/?s={search_term_string}"},"query-input":{"@type":"PropertyValueSpecification","valueRequired":true,"valueName":"search_term_string"}}],"inLanguage":"pl-PL"}]}},"_links":{"self":[{"href":"https:\/\/kodstylu.pl\/sklep\/wp-json\/wp\/v2\/product\/29411","targetHints":{"allow":["GET"]}}],"collection":[{"href":"https:\/\/kodstylu.pl\/sklep\/wp-json\/wp\/v2\/product"}],"about":[{"href":"https:\/\/kodstylu.pl\/sklep\/wp-json\/wp\/v2\/types\/product"}],"replies":[{"embeddable":true,"href":"https:\/\/kodstylu.pl\/sklep\/wp-json\/wp\/v2\/comments?post=29411"}],"wp:featuredmedia":[{"embeddable":true,"href":"https:\/\/kodstylu.pl\/sklep\/wp-json\/wp\/v2\/media\/29415"}],"wp:attachment":[{"href":"https:\/\/kodstylu.pl\/sklep\/wp-json\/wp\/v2\/media?parent=29411"}],"wp:term":[{"taxonomy":"product_brand","embeddable":true,"href":"https:\/\/kodstylu.pl\/sklep\/wp-json\/wp\/v2\/product_brand?post=29411"},{"taxonomy":"product_cat","embeddable":true,"href":"https:\/\/kodstylu.pl\/sklep\/wp-json\/wp\/v2\/product_cat?post=29411"},{"taxonomy":"product_tag","embeddable":true,"href":"https:\/\/kodstylu.pl\/sklep\/wp-json\/wp\/v2\/product_tag?post=29411"}],"curies":[{"name":"wp","href":"https:\/\/api.w.org\/{rel}","templated":true}]}}