{"id":27197,"date":"2022-07-29T11:29:48","date_gmt":"2022-07-29T09:29:48","guid":{"rendered":"https:\/\/kodstylu.pl\/sklep\/?post_type=product&#038;p=27197"},"modified":"2026-02-03T08:19:47","modified_gmt":"2026-02-03T07:19:47","slug":"mentoring-biznesowy","status":"publish","type":"product","link":"https:\/\/kodstylu.pl\/sklep\/product\/mentoring-biznesowy\/","title":{"rendered":"Konsultacja biznesowa dla stylistek"},"content":{"rendered":"<div class=\"product-description wysiwyg-content\">\n<h1><strong>Konsultacja biznesowa dla stylistek. Jak rozwin\u0105\u0107 dochodowy biznes<\/strong><\/h1>\n<p>Prowadz\u0119 swoj\u0105 firm\u0119 od 2013 roku, dzia\u0142am w biznesie online i offline, wydaj\u0119 ksi\u0105\u017cki w formacie selfpublishingu. Proponuj\u0119 Ci godzinne spotkanie, podczas kt\u00f3rego b\u0119dziesz mog\u0142a skorzysta\u0107 z mojej wiedzy. Zar\u00f3wno tej z zakresu stylizacji, jak i prowadzenia firmy.<\/p>\n<h2><strong>Potrzebujesz mentoringu? Wsparcia w pracy z Klientami?<\/strong><\/h2>\n<p><strong>Co mog\u0119 dla Ciebie zrobi\u0107?<\/strong><\/p>\n<ul>\n<li>Om\u00f3wi\u0107 obecn\u0105 sytuacj\u0119 Twojej firmy.<\/li>\n<li>Zdefiniowa\u0107 model biznesowy.<\/li>\n<li>Dopasowa\u0107 opcje rozwoju do Twojej osobowo\u015bci.<\/li>\n<li>Przygotowa\u0107 list\u0119 dzia\u0142a\u0144, kt\u00f3re doprowadz\u0105 do rozwoju.<\/li>\n<li>Om\u00f3wi\u0107 prac\u0119 z Klientami.<\/li>\n<li>Skonsultowa\u0107 wyniki analiz kolorystycznych czy sylwetkowych.<\/li>\n<li>Pom\u00f3c w prowadzeniu kont w mediach spo\u0142eczno\u015bciowych.<\/li>\n<\/ul>\n<p>Po wykupieniu us\u0142ugi, masz rok na jej realizacj\u0119.<\/p>\n<\/div>\n<p><strong>Konsultacje biznesowe s\u0105 spersonalizowane<\/strong>, co oznacza, \u017ce tre\u015b\u0107 spotkania dopasowujemy do Twoich potrzeb.<\/p>\n<p data-pm-slice=\"1 1 []\">Z uwagi na du\u017ce zainteresowanie us\u0142ugami czas oczekiwania na spotkanie mo\u017ce si\u0119 wyd\u0142u\u017cy\u0107 do miesi\u0105ca. We\u017a to pod uwag\u0119 przy sk\u0142adaniu zam\u00f3wienia. Je\u015bli chcesz dowiedzie\u0107 si\u0119, jakie mamy najbli\u017csze wolne terminy, napisz na <a class=\"ProsemirrorEditor-link\" href=\"mailto:biuro@kodstylu.pl\">biuro@kodstylu.pl<\/a>.<\/p>\n<p>&nbsp;<\/p>\n","protected":false},"excerpt":{"rendered":"<p><span style=\"font-size: 75%;\">To jest najlepsza cena z ostatnich 30 dni<\/span><\/p>\n<p>Prowadz\u0119 swoj\u0105 firm\u0119 od 2013 roku, dzia\u0142am w biznesie online i offline, wydaj\u0119 ksi\u0105\u017cki w formacie selfpublishingu.<\/p>\n<p>Proponuj\u0119 Ci godzinne spotkanie, podczas kt\u00f3rego b\u0119dziesz mog\u0142a skorzysta\u0107 z mojej wiedzy. Zar\u00f3wno tej z zakresu stylizacji, jak i prowadzenia firmy.<\/p>\n<p><strong>Potrzebujesz mentoringu? Wsparcia w pracy z Klientami?<\/strong><\/p>\n","protected":false},"featured_media":25122,"comment_status":"open","ping_status":"closed","template":"","meta":[],"product_brand":[],"product_cat":[50],"product_tag":[],"class_list":{"0":"post-27197","1":"product","2":"type-product","3":"status-publish","4":"has-post-thumbnail","6":"product_cat-szkolenie-ze-stylizacji","8":"first","9":"instock","10":"virtual","11":"taxable","12":"purchasable","13":"product-type-simple"},"yoast_head":"<!-- This site is optimized with the Yoast SEO plugin v27.4 - https:\/\/yoast.com\/product\/yoast-seo-wordpress\/ -->\n<title>Mentoring biznesowy Kod Stylu Konsultacja biznesowa dla stylistek<\/title>\n<meta name=\"description\" content=\"Mentoring biznesowy z do\u015bwiadczon\u0105 stylistk\u0105. Potrzebujesz konsultacji, jak prowadzi\u0107 swoj\u0105 firm\u0119 i rozwija\u0107 si\u0119 jako stylistka?\" \/>\n<meta name=\"robots\" content=\"index, follow, max-snippet:-1, max-image-preview:large, max-video-preview:-1\" \/>\n<link rel=\"canonical\" href=\"https:\/\/kodstylu.pl\/sklep\/product\/mentoring-biznesowy\/\" \/>\n<meta property=\"og:locale\" content=\"pl_PL\" \/>\n<meta property=\"og:type\" content=\"article\" \/>\n<meta property=\"og:title\" content=\"Mentoring biznesowy Kod Stylu Konsultacja biznesowa dla stylistek\" \/>\n<meta property=\"og:description\" content=\"Mentoring biznesowy z do\u015bwiadczon\u0105 stylistk\u0105. Potrzebujesz konsultacji, jak prowadzi\u0107 swoj\u0105 firm\u0119 i rozwija\u0107 si\u0119 jako stylistka?\" \/>\n<meta property=\"og:url\" content=\"https:\/\/kodstylu.pl\/sklep\/product\/mentoring-biznesowy\/\" \/>\n<meta property=\"og:site_name\" content=\"Kod Stylu\" \/>\n<meta property=\"article:modified_time\" content=\"2026-02-03T07:19:47+00:00\" \/>\n<meta property=\"og:image\" content=\"https:\/\/kodstylu.pl\/sklep\/wp-content\/uploads\/2019\/12\/konsultacje-wizerunku-biznesowego-scaled.jpg\" \/>\n\t<meta property=\"og:image:width\" content=\"2560\" \/>\n\t<meta property=\"og:image:height\" content=\"2560\" \/>\n\t<meta property=\"og:image:type\" content=\"image\/jpeg\" \/>\n<meta name=\"twitter:card\" content=\"summary_large_image\" \/>\n<meta name=\"twitter:label1\" content=\"Szacowany czas czytania\" \/>\n\t<meta name=\"twitter:data1\" content=\"2 minuty\" \/>\n<script type=\"application\/ld+json\" class=\"yoast-schema-graph\">{\"@context\":\"https:\\\/\\\/schema.org\",\"@graph\":[{\"@type\":\"WebPage\",\"@id\":\"https:\\\/\\\/kodstylu.pl\\\/sklep\\\/product\\\/mentoring-biznesowy\\\/\",\"url\":\"https:\\\/\\\/kodstylu.pl\\\/sklep\\\/product\\\/mentoring-biznesowy\\\/\",\"name\":\"Mentoring biznesowy Kod Stylu Konsultacja biznesowa dla stylistek\",\"isPartOf\":{\"@id\":\"https:\\\/\\\/kodstylu.pl\\\/sklep\\\/#website\"},\"primaryImageOfPage\":{\"@id\":\"https:\\\/\\\/kodstylu.pl\\\/sklep\\\/product\\\/mentoring-biznesowy\\\/#primaryimage\"},\"image\":{\"@id\":\"https:\\\/\\\/kodstylu.pl\\\/sklep\\\/product\\\/mentoring-biznesowy\\\/#primaryimage\"},\"thumbnailUrl\":\"https:\\\/\\\/kodstylu.pl\\\/sklep\\\/wp-content\\\/uploads\\\/2019\\\/12\\\/konsultacje-wizerunku-biznesowego-scaled.jpg\",\"datePublished\":\"2022-07-29T09:29:48+00:00\",\"dateModified\":\"2026-02-03T07:19:47+00:00\",\"description\":\"Mentoring biznesowy z do\u015bwiadczon\u0105 stylistk\u0105. Potrzebujesz konsultacji, jak prowadzi\u0107 swoj\u0105 firm\u0119 i rozwija\u0107 si\u0119 jako stylistka?\",\"breadcrumb\":{\"@id\":\"https:\\\/\\\/kodstylu.pl\\\/sklep\\\/product\\\/mentoring-biznesowy\\\/#breadcrumb\"},\"inLanguage\":\"pl-PL\",\"potentialAction\":[{\"@type\":\"ReadAction\",\"target\":[\"https:\\\/\\\/kodstylu.pl\\\/sklep\\\/product\\\/mentoring-biznesowy\\\/\"]}]},{\"@type\":\"ImageObject\",\"inLanguage\":\"pl-PL\",\"@id\":\"https:\\\/\\\/kodstylu.pl\\\/sklep\\\/product\\\/mentoring-biznesowy\\\/#primaryimage\",\"url\":\"https:\\\/\\\/kodstylu.pl\\\/sklep\\\/wp-content\\\/uploads\\\/2019\\\/12\\\/konsultacje-wizerunku-biznesowego-scaled.jpg\",\"contentUrl\":\"https:\\\/\\\/kodstylu.pl\\\/sklep\\\/wp-content\\\/uploads\\\/2019\\\/12\\\/konsultacje-wizerunku-biznesowego-scaled.jpg\",\"width\":2560,\"height\":2560,\"caption\":\"konsultacje wizerunku biznesowego\"},{\"@type\":\"BreadcrumbList\",\"@id\":\"https:\\\/\\\/kodstylu.pl\\\/sklep\\\/product\\\/mentoring-biznesowy\\\/#breadcrumb\",\"itemListElement\":[{\"@type\":\"ListItem\",\"position\":1,\"name\":\"Strona g\u0142\u00f3wna\",\"item\":\"https:\\\/\\\/kodstylu.pl\\\/sklep\\\/\"},{\"@type\":\"ListItem\",\"position\":2,\"name\":\"Sklep\",\"item\":\"https:\\\/\\\/kodstylu.pl\\\/sklep\\\/sklep\\\/\"},{\"@type\":\"ListItem\",\"position\":3,\"name\":\"Konsultacja biznesowa dla stylistek\"}]},{\"@type\":\"WebSite\",\"@id\":\"https:\\\/\\\/kodstylu.pl\\\/sklep\\\/#website\",\"url\":\"https:\\\/\\\/kodstylu.pl\\\/sklep\\\/\",\"name\":\"Kod Stylu\",\"description\":\"Osobista Stylistka, Szkolenia dla stylistek\",\"potentialAction\":[{\"@type\":\"SearchAction\",\"target\":{\"@type\":\"EntryPoint\",\"urlTemplate\":\"https:\\\/\\\/kodstylu.pl\\\/sklep\\\/?s={search_term_string}\"},\"query-input\":{\"@type\":\"PropertyValueSpecification\",\"valueRequired\":true,\"valueName\":\"search_term_string\"}}],\"inLanguage\":\"pl-PL\"}]}<\/script>\n<!-- \/ Yoast SEO plugin. -->","yoast_head_json":{"title":"Mentoring biznesowy Kod Stylu Konsultacja biznesowa dla stylistek","description":"Mentoring biznesowy z do\u015bwiadczon\u0105 stylistk\u0105. Potrzebujesz konsultacji, jak prowadzi\u0107 swoj\u0105 firm\u0119 i rozwija\u0107 si\u0119 jako stylistka?","robots":{"index":"index","follow":"follow","max-snippet":"max-snippet:-1","max-image-preview":"max-image-preview:large","max-video-preview":"max-video-preview:-1"},"canonical":"https:\/\/kodstylu.pl\/sklep\/product\/mentoring-biznesowy\/","og_locale":"pl_PL","og_type":"article","og_title":"Mentoring biznesowy Kod Stylu Konsultacja biznesowa dla stylistek","og_description":"Mentoring biznesowy z do\u015bwiadczon\u0105 stylistk\u0105. Potrzebujesz konsultacji, jak prowadzi\u0107 swoj\u0105 firm\u0119 i rozwija\u0107 si\u0119 jako stylistka?","og_url":"https:\/\/kodstylu.pl\/sklep\/product\/mentoring-biznesowy\/","og_site_name":"Kod Stylu","article_modified_time":"2026-02-03T07:19:47+00:00","og_image":[{"width":2560,"height":2560,"url":"https:\/\/kodstylu.pl\/sklep\/wp-content\/uploads\/2019\/12\/konsultacje-wizerunku-biznesowego-scaled.jpg","type":"image\/jpeg"}],"twitter_card":"summary_large_image","twitter_misc":{"Szacowany czas czytania":"2 minuty"},"schema":{"@context":"https:\/\/schema.org","@graph":[{"@type":"WebPage","@id":"https:\/\/kodstylu.pl\/sklep\/product\/mentoring-biznesowy\/","url":"https:\/\/kodstylu.pl\/sklep\/product\/mentoring-biznesowy\/","name":"Mentoring biznesowy Kod Stylu Konsultacja biznesowa dla stylistek","isPartOf":{"@id":"https:\/\/kodstylu.pl\/sklep\/#website"},"primaryImageOfPage":{"@id":"https:\/\/kodstylu.pl\/sklep\/product\/mentoring-biznesowy\/#primaryimage"},"image":{"@id":"https:\/\/kodstylu.pl\/sklep\/product\/mentoring-biznesowy\/#primaryimage"},"thumbnailUrl":"https:\/\/kodstylu.pl\/sklep\/wp-content\/uploads\/2019\/12\/konsultacje-wizerunku-biznesowego-scaled.jpg","datePublished":"2022-07-29T09:29:48+00:00","dateModified":"2026-02-03T07:19:47+00:00","description":"Mentoring biznesowy z do\u015bwiadczon\u0105 stylistk\u0105. Potrzebujesz konsultacji, jak prowadzi\u0107 swoj\u0105 firm\u0119 i rozwija\u0107 si\u0119 jako stylistka?","breadcrumb":{"@id":"https:\/\/kodstylu.pl\/sklep\/product\/mentoring-biznesowy\/#breadcrumb"},"inLanguage":"pl-PL","potentialAction":[{"@type":"ReadAction","target":["https:\/\/kodstylu.pl\/sklep\/product\/mentoring-biznesowy\/"]}]},{"@type":"ImageObject","inLanguage":"pl-PL","@id":"https:\/\/kodstylu.pl\/sklep\/product\/mentoring-biznesowy\/#primaryimage","url":"https:\/\/kodstylu.pl\/sklep\/wp-content\/uploads\/2019\/12\/konsultacje-wizerunku-biznesowego-scaled.jpg","contentUrl":"https:\/\/kodstylu.pl\/sklep\/wp-content\/uploads\/2019\/12\/konsultacje-wizerunku-biznesowego-scaled.jpg","width":2560,"height":2560,"caption":"konsultacje wizerunku biznesowego"},{"@type":"BreadcrumbList","@id":"https:\/\/kodstylu.pl\/sklep\/product\/mentoring-biznesowy\/#breadcrumb","itemListElement":[{"@type":"ListItem","position":1,"name":"Strona g\u0142\u00f3wna","item":"https:\/\/kodstylu.pl\/sklep\/"},{"@type":"ListItem","position":2,"name":"Sklep","item":"https:\/\/kodstylu.pl\/sklep\/sklep\/"},{"@type":"ListItem","position":3,"name":"Konsultacja biznesowa dla stylistek"}]},{"@type":"WebSite","@id":"https:\/\/kodstylu.pl\/sklep\/#website","url":"https:\/\/kodstylu.pl\/sklep\/","name":"Kod Stylu","description":"Osobista Stylistka, Szkolenia dla stylistek","potentialAction":[{"@type":"SearchAction","target":{"@type":"EntryPoint","urlTemplate":"https:\/\/kodstylu.pl\/sklep\/?s={search_term_string}"},"query-input":{"@type":"PropertyValueSpecification","valueRequired":true,"valueName":"search_term_string"}}],"inLanguage":"pl-PL"}]}},"_links":{"self":[{"href":"https:\/\/kodstylu.pl\/sklep\/wp-json\/wp\/v2\/product\/27197","targetHints":{"allow":["GET"]}}],"collection":[{"href":"https:\/\/kodstylu.pl\/sklep\/wp-json\/wp\/v2\/product"}],"about":[{"href":"https:\/\/kodstylu.pl\/sklep\/wp-json\/wp\/v2\/types\/product"}],"replies":[{"embeddable":true,"href":"https:\/\/kodstylu.pl\/sklep\/wp-json\/wp\/v2\/comments?post=27197"}],"wp:featuredmedia":[{"embeddable":true,"href":"https:\/\/kodstylu.pl\/sklep\/wp-json\/wp\/v2\/media\/25122"}],"wp:attachment":[{"href":"https:\/\/kodstylu.pl\/sklep\/wp-json\/wp\/v2\/media?parent=27197"}],"wp:term":[{"taxonomy":"product_brand","embeddable":true,"href":"https:\/\/kodstylu.pl\/sklep\/wp-json\/wp\/v2\/product_brand?post=27197"},{"taxonomy":"product_cat","embeddable":true,"href":"https:\/\/kodstylu.pl\/sklep\/wp-json\/wp\/v2\/product_cat?post=27197"},{"taxonomy":"product_tag","embeddable":true,"href":"https:\/\/kodstylu.pl\/sklep\/wp-json\/wp\/v2\/product_tag?post=27197"}],"curies":[{"name":"wp","href":"https:\/\/api.w.org\/{rel}","templated":true}]}}