{"id":1762,"date":"2019-04-02T11:55:17","date_gmt":"2019-04-02T09:55:17","guid":{"rendered":"https:\/\/kodstylu.pl\/sklep\/?post_type=product&#038;p=1762"},"modified":"2025-12-18T17:18:17","modified_gmt":"2025-12-18T16:18:17","slug":"e-book-znajdz-swoj-styl","status":"publish","type":"product","link":"https:\/\/kodstylu.pl\/sklep\/product\/e-book-znajdz-swoj-styl\/","title":{"rendered":"E-book: Znajd\u017a sw\u00f3j styl"},"content":{"rendered":"<blockquote>\n<h1 style=\"text-align: right;\">Znajd\u017a sw\u00f3j styl<\/h1>\n<\/blockquote>\n<p>Jak pewnie wiesz, albo z w\u0142asnych do\u015bwiadcze\u0144, albo na podstawie obserwacji innych kobiet, ubranie poza tym, \u017ce jest u\u017cyteczne, odpowiednie do sytuacji i pasuje do naszej urody, mo\u017ce by\u0107 interesuj\u0105ce czy stylowe. Ponadto, mo\u017ce wyra\u017ca\u0107 nasz\u0105 osobowo\u015b\u0107 czy spos\u00f3b bycia. Je\u015bli czujesz si\u0119 zagubiona w wy\u017cej wymienionych zagadnieniach &#8211; nie martw si\u0119. T\u0119 przygod\u0119 prze\u017cyjemy razem! <strong>Znajd\u017a sw\u00f3j styl i ol\u015bniewaj swoim wygl\u0105dem.<\/strong><\/p>\n<p>Je\u017celi jeste\u015b kobiet\u0105, kt\u00f3ra:<\/p>\n<ul>\n<li>nie ma pomys\u0142u na sw\u00f3j styl,<\/li>\n<li>czuje, \u017ce czego\u015b brakuje jej ubraniom,<\/li>\n<li>nie wie, czy dobrze \u0142\u0105czy ubrania,<\/li>\n<li>ma w swojej szafie mn\u00f3stwo ubra\u0144, kt\u00f3re nigdy nie ujrza\u0142y \u015bwiat\u0142a dziennego<\/li>\n<li>nie ma co w\u0142o\u017cy\u0107 na specjalne okazje\u2026<\/li>\n<\/ul>\n<p>\u2026to mam dla Ciebie ksi\u0105\u017ck\u0119, kt\u00f3ra pomo\u017ce Ci przej\u015b\u0107 niesamowit\u0105 metamorfoz\u0119. Co wi\u0119cej, sprawi, \u017ce b\u0119dziesz czu\u0107 si\u0119 i wygl\u0105da\u0107 jak milion $! A przez to zdobywa\u0107 w \u017cyciu to o czym marzysz. To wszystko mo\u017ce by\u0107 w zasi\u0119gu Twojej r\u0119ki. Zapraszam Ci\u0119 na pok\u0142ad!<\/p>\n<p>Przeprowadz\u0119 Ci\u0119 przez proces szukania w\u0142asnego stylu. Znajdziesz sw\u00f3j przepis na atrakcyjny wygl\u0105d. Dodatkowo zaczniesz robi\u0107 sprawne oraz przemy\u015blane zakupy.<\/p>\n<p>Je\u017celi czujesz niedosyt, zapraszamy do lektury\u00a0<a href=\"https:\/\/kodstylu.pl\/sklep\/product\/e-book-ubierz-sie-w-kolor\/\">Ubierz si\u0119 w kolor<\/a> lub <a href=\"https:\/\/kodstylu.pl\/sklep\/product\/jakubracsiedopracy\/\">Jak ubra\u0107 si\u0119 do pracy. Biznesowy dress code dla kobiet.<\/a><\/p>\n<p>Pot\u0119\u017cnej dawki inspiracji mo\u017cesz szuka\u0107 <a href=\"https:\/\/www.facebook.com\/kodstylu\" target=\"_blank\" rel=\"noopener\">na naszym facebooku <\/a>oraz\u00a0<a href=\"https:\/\/www.instagram.com\/kodstylu\/\" target=\"_blank\" rel=\"noopener\">instagramie.<\/a><\/p>\n<p><strong>E-book jest w formacie PDF.<\/strong><\/p>\n","protected":false},"excerpt":{"rendered":"<p><span style=\"font-size: 75%;\">To jest najlepsza cena z ostatnich 30 dni<\/span><\/p>\n<p><strong><em>Znajd\u017a sw\u00f3j styl.<\/em> Najnowsza ksi\u0105\u017cka Aleksandry Fr\u0105tczak-Bi\u015b.<\/strong> Dowiesz si\u0119 jak znale\u017a\u0107 sw\u00f3j styl i jak komponowa\u0107 garderob\u0119 od postaw. Gwarantujemy, \u017ce ta publikacja przewr\u00f3ci Twoje \u017cycie do g\u00f3ry nogami! B\u0119dziesz zachwycona zmianami, kt\u00f3re si\u0119 dokonaj\u0105.<\/p>\n","protected":false},"featured_media":29306,"comment_status":"open","ping_status":"closed","template":"","meta":[],"product_brand":[],"product_cat":[25],"product_tag":[39],"class_list":{"0":"post-1762","1":"product","2":"type-product","3":"status-publish","4":"has-post-thumbnail","6":"product_cat-ksiazki","7":"product_tag-znajdzswojstyl","9":"first","10":"instock","11":"downloadable","12":"virtual","13":"taxable","14":"purchasable","15":"product-type-simple"},"yoast_head":"<!-- This site is optimized with the Yoast SEO plugin v27.4 - https:\/\/yoast.com\/product\/yoast-seo-wordpress\/ -->\n<title>Kod Stylu- E-book: Znajd\u017a sw\u00f3j styl<\/title>\n<meta name=\"description\" content=\"Znajd\u017a sw\u00f3j styl. Najnowsza ksi\u0105\u017cka Aleksandry Fr\u0105tczak-Bi\u015b. Dowiesz si\u0119 jak znale\u017a\u0107 sw\u00f3j styl i jak komponowa\u0107 garderob\u0119 od postaw.\" \/>\n<meta name=\"robots\" content=\"index, follow, max-snippet:-1, max-image-preview:large, max-video-preview:-1\" \/>\n<link rel=\"canonical\" href=\"https:\/\/kodstylu.pl\/sklep\/product\/e-book-znajdz-swoj-styl\/\" \/>\n<meta property=\"og:locale\" content=\"pl_PL\" \/>\n<meta property=\"og:type\" content=\"article\" \/>\n<meta property=\"og:title\" content=\"Kod Stylu- E-book: Znajd\u017a sw\u00f3j styl\" \/>\n<meta property=\"og:description\" content=\"Znajd\u017a sw\u00f3j styl. Najnowsza ksi\u0105\u017cka Aleksandry Fr\u0105tczak-Bi\u015b. Dowiesz si\u0119 jak znale\u017a\u0107 sw\u00f3j styl i jak komponowa\u0107 garderob\u0119 od postaw.\" \/>\n<meta property=\"og:url\" content=\"https:\/\/kodstylu.pl\/sklep\/product\/e-book-znajdz-swoj-styl\/\" \/>\n<meta property=\"og:site_name\" content=\"Kod Stylu\" \/>\n<meta property=\"article:modified_time\" content=\"2025-12-18T16:18:17+00:00\" \/>\n<meta property=\"og:image\" content=\"https:\/\/kodstylu.pl\/sklep\/wp-content\/uploads\/2019\/04\/38.png\" \/>\n\t<meta property=\"og:image:width\" content=\"1080\" \/>\n\t<meta property=\"og:image:height\" content=\"1080\" \/>\n\t<meta property=\"og:image:type\" content=\"image\/png\" \/>\n<meta name=\"twitter:card\" content=\"summary_large_image\" \/>\n<meta name=\"twitter:label1\" content=\"Szacowany czas czytania\" \/>\n\t<meta name=\"twitter:data1\" content=\"2 minuty\" \/>\n<script type=\"application\/ld+json\" class=\"yoast-schema-graph\">{\"@context\":\"https:\\\/\\\/schema.org\",\"@graph\":[{\"@type\":\"WebPage\",\"@id\":\"https:\\\/\\\/kodstylu.pl\\\/sklep\\\/product\\\/e-book-znajdz-swoj-styl\\\/\",\"url\":\"https:\\\/\\\/kodstylu.pl\\\/sklep\\\/product\\\/e-book-znajdz-swoj-styl\\\/\",\"name\":\"Kod Stylu- E-book: Znajd\u017a sw\u00f3j styl\",\"isPartOf\":{\"@id\":\"https:\\\/\\\/kodstylu.pl\\\/sklep\\\/#website\"},\"primaryImageOfPage\":{\"@id\":\"https:\\\/\\\/kodstylu.pl\\\/sklep\\\/product\\\/e-book-znajdz-swoj-styl\\\/#primaryimage\"},\"image\":{\"@id\":\"https:\\\/\\\/kodstylu.pl\\\/sklep\\\/product\\\/e-book-znajdz-swoj-styl\\\/#primaryimage\"},\"thumbnailUrl\":\"https:\\\/\\\/kodstylu.pl\\\/sklep\\\/wp-content\\\/uploads\\\/2019\\\/04\\\/38.png\",\"datePublished\":\"2019-04-02T09:55:17+00:00\",\"dateModified\":\"2025-12-18T16:18:17+00:00\",\"description\":\"Znajd\u017a sw\u00f3j styl. Najnowsza ksi\u0105\u017cka Aleksandry Fr\u0105tczak-Bi\u015b. Dowiesz si\u0119 jak znale\u017a\u0107 sw\u00f3j styl i jak komponowa\u0107 garderob\u0119 od postaw.\",\"breadcrumb\":{\"@id\":\"https:\\\/\\\/kodstylu.pl\\\/sklep\\\/product\\\/e-book-znajdz-swoj-styl\\\/#breadcrumb\"},\"inLanguage\":\"pl-PL\",\"potentialAction\":[{\"@type\":\"ReadAction\",\"target\":[\"https:\\\/\\\/kodstylu.pl\\\/sklep\\\/product\\\/e-book-znajdz-swoj-styl\\\/\"]}]},{\"@type\":\"ImageObject\",\"inLanguage\":\"pl-PL\",\"@id\":\"https:\\\/\\\/kodstylu.pl\\\/sklep\\\/product\\\/e-book-znajdz-swoj-styl\\\/#primaryimage\",\"url\":\"https:\\\/\\\/kodstylu.pl\\\/sklep\\\/wp-content\\\/uploads\\\/2019\\\/04\\\/38.png\",\"contentUrl\":\"https:\\\/\\\/kodstylu.pl\\\/sklep\\\/wp-content\\\/uploads\\\/2019\\\/04\\\/38.png\",\"width\":1080,\"height\":1080},{\"@type\":\"BreadcrumbList\",\"@id\":\"https:\\\/\\\/kodstylu.pl\\\/sklep\\\/product\\\/e-book-znajdz-swoj-styl\\\/#breadcrumb\",\"itemListElement\":[{\"@type\":\"ListItem\",\"position\":1,\"name\":\"Strona g\u0142\u00f3wna\",\"item\":\"https:\\\/\\\/kodstylu.pl\\\/sklep\\\/\"},{\"@type\":\"ListItem\",\"position\":2,\"name\":\"Sklep\",\"item\":\"https:\\\/\\\/kodstylu.pl\\\/sklep\\\/sklep\\\/\"},{\"@type\":\"ListItem\",\"position\":3,\"name\":\"E-book: Znajd\u017a sw\u00f3j styl\"}]},{\"@type\":\"WebSite\",\"@id\":\"https:\\\/\\\/kodstylu.pl\\\/sklep\\\/#website\",\"url\":\"https:\\\/\\\/kodstylu.pl\\\/sklep\\\/\",\"name\":\"Kod Stylu\",\"description\":\"Osobista Stylistka, Szkolenia dla stylistek\",\"potentialAction\":[{\"@type\":\"SearchAction\",\"target\":{\"@type\":\"EntryPoint\",\"urlTemplate\":\"https:\\\/\\\/kodstylu.pl\\\/sklep\\\/?s={search_term_string}\"},\"query-input\":{\"@type\":\"PropertyValueSpecification\",\"valueRequired\":true,\"valueName\":\"search_term_string\"}}],\"inLanguage\":\"pl-PL\"}]}<\/script>\n<!-- \/ Yoast SEO plugin. -->","yoast_head_json":{"title":"Kod Stylu- E-book: Znajd\u017a sw\u00f3j styl","description":"Znajd\u017a sw\u00f3j styl. Najnowsza ksi\u0105\u017cka Aleksandry Fr\u0105tczak-Bi\u015b. Dowiesz si\u0119 jak znale\u017a\u0107 sw\u00f3j styl i jak komponowa\u0107 garderob\u0119 od postaw.","robots":{"index":"index","follow":"follow","max-snippet":"max-snippet:-1","max-image-preview":"max-image-preview:large","max-video-preview":"max-video-preview:-1"},"canonical":"https:\/\/kodstylu.pl\/sklep\/product\/e-book-znajdz-swoj-styl\/","og_locale":"pl_PL","og_type":"article","og_title":"Kod Stylu- E-book: Znajd\u017a sw\u00f3j styl","og_description":"Znajd\u017a sw\u00f3j styl. Najnowsza ksi\u0105\u017cka Aleksandry Fr\u0105tczak-Bi\u015b. Dowiesz si\u0119 jak znale\u017a\u0107 sw\u00f3j styl i jak komponowa\u0107 garderob\u0119 od postaw.","og_url":"https:\/\/kodstylu.pl\/sklep\/product\/e-book-znajdz-swoj-styl\/","og_site_name":"Kod Stylu","article_modified_time":"2025-12-18T16:18:17+00:00","og_image":[{"width":1080,"height":1080,"url":"https:\/\/kodstylu.pl\/sklep\/wp-content\/uploads\/2019\/04\/38.png","type":"image\/png"}],"twitter_card":"summary_large_image","twitter_misc":{"Szacowany czas czytania":"2 minuty"},"schema":{"@context":"https:\/\/schema.org","@graph":[{"@type":"WebPage","@id":"https:\/\/kodstylu.pl\/sklep\/product\/e-book-znajdz-swoj-styl\/","url":"https:\/\/kodstylu.pl\/sklep\/product\/e-book-znajdz-swoj-styl\/","name":"Kod Stylu- E-book: Znajd\u017a sw\u00f3j styl","isPartOf":{"@id":"https:\/\/kodstylu.pl\/sklep\/#website"},"primaryImageOfPage":{"@id":"https:\/\/kodstylu.pl\/sklep\/product\/e-book-znajdz-swoj-styl\/#primaryimage"},"image":{"@id":"https:\/\/kodstylu.pl\/sklep\/product\/e-book-znajdz-swoj-styl\/#primaryimage"},"thumbnailUrl":"https:\/\/kodstylu.pl\/sklep\/wp-content\/uploads\/2019\/04\/38.png","datePublished":"2019-04-02T09:55:17+00:00","dateModified":"2025-12-18T16:18:17+00:00","description":"Znajd\u017a sw\u00f3j styl. Najnowsza ksi\u0105\u017cka Aleksandry Fr\u0105tczak-Bi\u015b. Dowiesz si\u0119 jak znale\u017a\u0107 sw\u00f3j styl i jak komponowa\u0107 garderob\u0119 od postaw.","breadcrumb":{"@id":"https:\/\/kodstylu.pl\/sklep\/product\/e-book-znajdz-swoj-styl\/#breadcrumb"},"inLanguage":"pl-PL","potentialAction":[{"@type":"ReadAction","target":["https:\/\/kodstylu.pl\/sklep\/product\/e-book-znajdz-swoj-styl\/"]}]},{"@type":"ImageObject","inLanguage":"pl-PL","@id":"https:\/\/kodstylu.pl\/sklep\/product\/e-book-znajdz-swoj-styl\/#primaryimage","url":"https:\/\/kodstylu.pl\/sklep\/wp-content\/uploads\/2019\/04\/38.png","contentUrl":"https:\/\/kodstylu.pl\/sklep\/wp-content\/uploads\/2019\/04\/38.png","width":1080,"height":1080},{"@type":"BreadcrumbList","@id":"https:\/\/kodstylu.pl\/sklep\/product\/e-book-znajdz-swoj-styl\/#breadcrumb","itemListElement":[{"@type":"ListItem","position":1,"name":"Strona g\u0142\u00f3wna","item":"https:\/\/kodstylu.pl\/sklep\/"},{"@type":"ListItem","position":2,"name":"Sklep","item":"https:\/\/kodstylu.pl\/sklep\/sklep\/"},{"@type":"ListItem","position":3,"name":"E-book: Znajd\u017a sw\u00f3j styl"}]},{"@type":"WebSite","@id":"https:\/\/kodstylu.pl\/sklep\/#website","url":"https:\/\/kodstylu.pl\/sklep\/","name":"Kod Stylu","description":"Osobista Stylistka, Szkolenia dla stylistek","potentialAction":[{"@type":"SearchAction","target":{"@type":"EntryPoint","urlTemplate":"https:\/\/kodstylu.pl\/sklep\/?s={search_term_string}"},"query-input":{"@type":"PropertyValueSpecification","valueRequired":true,"valueName":"search_term_string"}}],"inLanguage":"pl-PL"}]}},"_links":{"self":[{"href":"https:\/\/kodstylu.pl\/sklep\/wp-json\/wp\/v2\/product\/1762","targetHints":{"allow":["GET"]}}],"collection":[{"href":"https:\/\/kodstylu.pl\/sklep\/wp-json\/wp\/v2\/product"}],"about":[{"href":"https:\/\/kodstylu.pl\/sklep\/wp-json\/wp\/v2\/types\/product"}],"replies":[{"embeddable":true,"href":"https:\/\/kodstylu.pl\/sklep\/wp-json\/wp\/v2\/comments?post=1762"}],"wp:featuredmedia":[{"embeddable":true,"href":"https:\/\/kodstylu.pl\/sklep\/wp-json\/wp\/v2\/media\/29306"}],"wp:attachment":[{"href":"https:\/\/kodstylu.pl\/sklep\/wp-json\/wp\/v2\/media?parent=1762"}],"wp:term":[{"taxonomy":"product_brand","embeddable":true,"href":"https:\/\/kodstylu.pl\/sklep\/wp-json\/wp\/v2\/product_brand?post=1762"},{"taxonomy":"product_cat","embeddable":true,"href":"https:\/\/kodstylu.pl\/sklep\/wp-json\/wp\/v2\/product_cat?post=1762"},{"taxonomy":"product_tag","embeddable":true,"href":"https:\/\/kodstylu.pl\/sklep\/wp-json\/wp\/v2\/product_tag?post=1762"}],"curies":[{"name":"wp","href":"https:\/\/api.w.org\/{rel}","templated":true}]}}